tors of q.
67, 1427
Let l be ((-16)/12)/(4/(-2544)*2). Suppose -4*m + 570 = -p, p - l = -m - 2*m. List the prime factors of m.
2, 71
Let h = 5534 + -4210. List the prime factors of h.
2, 331
Suppose 5*t - 5*j = 948 + 107, t - 2*j - 215 = 0. Suppose 206*y = t*y - 365. List the prime factors of y.
5, 73
Suppose -2*z + 3*p = 113, -270 = 5*z - 6*p + p. Let s = 114 - z. What are the prime factors of s?
163
Let i(y) be the first derivative of y**3/3 + 9*y**2/2 - 20*y + 14. Let k be i(-11). Suppose 5*p + 505 = 4*g, 249 = -k*g + 4*g + p. List the prime factors of g.
5
Suppose -24*t - 16 = -28*t, 158471 = 5*b + 4*t. What are the prime factors of b?
11, 43, 67
Suppose -275*o + 21 = -268*o. Suppose -3 = o*a, 0 = p - 4*p - 4*a + 119. List the prime factors of p.
41
Suppose -o - 3*a - 8 = 0, 5 = -3*o - 4*a + 1. Suppose -1443 = 2*i - o*i - m, -4*m = 3*i - 2177. Let p = i + -491. What are the prime factors of p?
2, 3, 19
Suppose -3*f = 5*h - 4, 0*h + 3*f = -2*h - 2. Suppose -4*p + h = -1270. List the prime factors of p.
2, 3, 53
Suppose -30*k = -37*k - 14. List the prime factors of k - -63 - ((-168)/(-7))/8.
2, 29
Let a(s) = -2*s + 1. Let k(w) = -1342*w**2 - 8*w + 7. Let m(v) = 6*a(v) - k(v). List the prime factors of m(-1).
5, 269
Let r be -1 + 10 + -6 - -156. Let z = r + -6. What are the prime factors of z?
3, 17
Suppose 5*v + 1209 + 1276 = -4*b, 2*b = -5*v - 1245. Suppose -4*f + 734 = -2*y, 5*y + 2*f = 3*f - 1835. Let q = y - b. What are the prime factors of q?
11, 23
Let b(a) = -1642*a**3 - 2*a**2 - a. Let h be b(-1). Let p = h - 873. What are the prime factors of p?
2, 3
Let u be (-12)/(-6)*(-3)/(-2) - 0. Suppose 0 = -j + 2*j + u*k + 3, 16 = 2*j - 5*k. Suppose 4*i + 2*z - 414 = 0, -4*z = -1 - j. What are the prime factors of i?
103
Suppose -3*u = 3*p - 6, 2*p + 12 = -u + 3*u. Let h(f) = -53*f**3 - 3*f**2 - 4*f - 2. What are the prime factors of h(p)?
2, 11, 19
Let h(w) = 16 - 9 - 10 + w**2 + 4*w. Let u be h(-5). What are the prime factors of (u/(-6))/(6/(-1422))?
79
Suppose -2*g - i = -34, -2*g - 5*i + 26 = -0*g. Suppose -g*r + 5*r + 26 = 0. Suppose -2*f - r*k + 754 - 300 = 0, 4*f - 898 = k. List the prime factors of f.
3, 5
Let f(t) = 6*t - 13 - t + t**3 + 10*t**2 + 2*t. Let j be f(-9). Suppose 2*a + j*g = -a + 162, a = -2*g + 53. What are the prime factors of a?
59
Let b = 39 - 19. Let m be (b/(-16))/(1/(-428)). Suppose 107 = n - 2*f, 5*n - f - m = 2*f. List the prime factors of n.
107
Let q be 3/4 - ((-175)/28 - 0). List the prime factors of (-1)/(-1) + 800 + q + 7.
5, 163
Let p = 8 + -9. Let g(s) = -3*s - 3 - 47*s - 70*s + 11*s. What are the prime factors of g(p)?
2, 53
Let j be 142/(-355) + 10798/(-5). Let n = j - -3224. List the prime factors of n.
2, 7, 19
Let t(c) = 2*c**2 + 35*c - 69. What are the prime factors of t(44)?
3, 13, 137
What are the prime factors of (-271280)/(-4 - 0) + -2 + -5?
17, 3989
Suppose -399 = c - 4*k, 3*c - 1945 = 8*c + 5*k. Let h = c + 705. List the prime factors of h.
2, 157
Suppose 5*r + u = 74558, 5*r + 499*u = 497*u + 74561. List the prime factors of r.
13, 31, 37
Let f be ((-405)/(-54))/(3/2). Suppose -5*k - f = 15. What are the prime factors of 99/(0 + 3) - k?
37
What are the prime factors of (704430/72)/(10/56)?
3, 7, 2609
List the prime factors of ((-18)/(-72)*-82)/((-6)/60).
5, 41
Let v(i) = i**2 + 1. Let w be v(-1). Let a(z) = 26*z - 478. Let o be a(29). Suppose b + 85 = w*c, 5*c + 65 = 4*b + o. What are the prime factors of c?
43
Let a(b) = -5*b + 70. Suppose 3*h - 15 = -x, 5*h = -x + 4*x + 25. Suppose x*m - m = 4*j, 3*m = 4*j. List the prime factors of a(m).
2, 5, 7
Suppose 5*b = 3*y - 24692, 3*y - 292*b - 24712 = -291*b. What are the prime factors of y?
7, 11, 107
Suppose 4*j - 13 = w, 9*w - 6*w + 6 = j. What are the prime factors of (335/(-10)*10)/w?
5, 67
Let o = 137 + -124. Let y(s) = 2*s**2 + 8*s + 21. List the prime factors of y(o).
463
Suppose -37*j + 41*j = 21540. What are the prime factors of j?
3, 5, 359
Suppose -148*l - 17807364 = -625*l. List the prime factors of l.
2, 3, 17, 61
Let t(p) = 72*p + 3. Let y be -1 - (-8)/(0 + 2). Let s be (y - 3)/2 - -1. List the prime factors of t(s).
3, 5
Let h(p) = 9*p**2 - 7. Let a be 10/4*((-18)/(-5))/3. What are the prime factors of h(a)?
2, 37
Suppose -3*v - 55*o + 52*o = -13374, o = 4*v - 17827. List the prime factors of v.
4457
Let j(r) = -r**2 + 11*r - 10. Let m(u) = u**3 + 8*u**2 - 22*u - 14. Let y be m(-10). Let d be j(y). What are the prime factors of (-438)/(-5) + 8/d?
2, 11
Let d(l) = -3*l + 1. Let p be d(-1). Suppose 4*v + 4*c = 700, 0 = 2*v + 2*v + c - 715. Suppose -g = -p*g + v. List the prime factors of g.
2, 3, 5
Let c(h) = 5*h - 3*h**2 + 3 - 1 + 9*h**2 + 0. Let k be c(4). Suppose 5*u + 472 = 4*j, -j + 4*u + k = -0*j. List the prime factors of j.
2, 59
Suppose 3*v - 5*x = 59633, 4*v - 5*x = 42338 + 37186. List the prime factors of v.
19891
What are the prime factors of 3 + -6 + -1 + (2 - 7) + 17657?
2, 1103
Let p(k) = -90*k + 59. Let y(r) = -4*r**2 - 21*r + 22. Let t be y(1). What are the prime factors of p(t)?
7, 47
Let d be (-414)/966 - (20/(-14) + 1). Let s(j) = -7*j + 145. What are the prime factors of s(d)?
5, 29
Let g = 2811 - -1442. List the prime factors of g.
4253
Suppose 19*q - 49*q + 5004258 = 84*q. List the prime factors of q.
7, 6271
Suppose i + 5*a = -0 + 1, 0 = 2*i + 5*a - 22. Suppose 0*w + 105 = -i*w. List the prime factors of 134 + w + 1/1.
2, 5, 13
Let c(w) = w**3 + 115*w**2 - 1644*w + 418. What are the prime factors of c(-126)?
2, 101, 163
Let s(i) = 5*i**2 - 112*i - 83. Let m(d) = -d**2 + 28*d + 21. Let l(w) = -9*m(w) - 2*s(w). Let g = 853 + -869. List the prime factors of l(g).
13
Let c = -22 - -25. Suppose -c*r - 901 = 5*z - 3317, -4*z = -8. List the prime factors of r.
2, 401
Suppose 43*o - 190665 = -30*o + 64*o. List the prime factors of o.
5, 19, 223
Let i be (-3 - (0 - 0)) + (58 - 15). Let r = 63 - i. Let s(z) = -z**3 + 24*z**2 - 23*z + 20. List the prime factors of s(r).
2, 5
Let n(t) = t + 11. Let b be n(-9). Suppose 2 = b*z - z. Suppose u + z = -0*u, u = -3*m + 127. What are the prime factors of m?
43
Let u = 203 - 661. List the prime factors of 135/(-15) - 4*u.
1823
Let k = -802 + 1720. What are the prime factors of k?
2, 3, 17
Suppose 37*g - 895022 = -47*g + 628066. List the prime factors of g.
2, 3, 1511
Let r = 10507 - 6384. What are the prime factors of r?
7, 19, 31
Suppose 114*y - 353475 + 72571 = 623572. What are the prime factors of y?
2, 3967
Suppose 848 = -8*j + 248. Let t be (-30)/(-4)*20/15. What are the prime factors of (-15)/j - (-348)/t?
5, 7
Suppose 5*y = 0, z - 3*y = -y + 13. Suppose z*b - 160 = 360. Let o = b - -168. List the prime factors of o.
2, 13
Let y = -4149 + 4137. Let i(p) = -4*p + 45. Let j(r) = r. Let d(h) = i(h) + 5*j(h). What are the prime factors of d(y)?
3, 11
Let j(d) = d**2 + 8*d - 31. Let r be j(-11). Let m be (-24)/2*r/((-16)/(-132)). Let p = m - -286. What are the prime factors of p?
2, 11
Let i = 161 - 93. Suppose -i*x = -69*x + 1278. List the prime factors of x.
2, 3, 71
Let q = 36 + 37. Let c = -71 + q. List the prime factors of -8*(-1 - 41/c).
2, 43
Let j be (162/8)/(-9)*(-731 + -1). Suppose 7*c - j = -317. List the prime factors of -3 + (-6)/((-12)/c).
2, 23
Let u be ((-42)/(-12) - 3)*(-173 - -1). Let s = -87 - u. List the prime factors of (s*1 + -182)*(-34)/51.
2, 61
Suppose 0 = 60*t - 181024 - 339776. Suppose -t = -31*x - 9*x. List the prime factors of x.
7, 31
Let g(j) = 1899*j**2 - 5*j + 6. Let b be g(1). Suppose 228*w - b = 223*w. What are the prime factors of w?
2, 5, 19
Suppose 2*j = -0*h + 5*h + 51, 0 = 3*j + 4*h - 88. Suppose 26*a = j*a - 670. List the prime factors of a.
5, 67
Suppose -3*p = 2*t - 7*p - 2916, 4*t + p - 5877 = 0. Let c = t - -206. What are the prime factors of c?
2, 3, 31
Let z be -159*(1 - (-15)/(-9)). Let a = -1169 - -1134. Let b = z - a. What are the prime factors of b?
3, 47
Suppose -12*n = -17 + 125. What are the prime factors of ((-12)/(-7))/(3/(-126)*n)?
2
Let a be (12/15)/(5*2/1625). Let h = -6 - -6. Suppose i = 5*u - a, h*u + 4*u = 4*i + 104. List the prime factors of u.
2, 13
Suppose 204*h = 210*h + 55404. List the prime factors of -3 - (-46)/14 - h/21.
2, 5, 11
Let c(h) = -2521*h + 111. List the prime factors of c(-22).
7, 17, 467
Let t